4269 a multiple of 118?
False
Is 21 a factor of 5253?
False
Is 4 a factor of 1500?
True
Is 9 a factor of 321?
False
Is 4126 a multiple of 6?
False
Does 111 divide 6438?
True
Is 26 a factor of 1300?
True
Does 8 divide 6216?
True
Is 229 a multiple of 15?
False
Does 112 divide 5936?
True
Is 16 a factor of 2450?
False
Is 2256 a multiple of 8?
True
Is 79 a factor of 47683?
False
Does 11 divide 6787?
True
Is 3 a factor of 78?
True
Is 94 a multiple of 47?
True
Is 15 a factor of 28402?
False
Does 135 divide 7155?
True
Is 3 a factor of 1040?
False
Does 33 divide 847?
False
Is 53 a factor of 267?
False
Is 61380 a multiple of 31?
True
Is 1886 a multiple of 25?
False
Is 971 a multiple of 18?
False
Is 14 a factor of 38264?
False
Does 24 divide 1456?
False
Is 27648 a multiple of 96?
True
Is 17 a factor of 2334?
False
Is 219 a factor of 33860?
False
Is 22 a factor of 8558?
True
Is 7 a factor of 2694?
False
Is 108 a factor of 41148?
True
Is 2002 a multiple of 13?
True
Is 8 a factor of 3124?
False
Does 45 divide 1036?
False
Is 233 a factor of 1631?
True
Is 100 a factor of 11600?
True
Is 41 a factor of 2957?
False
Is 719 a multiple of 44?
False
Does 79 divide 1106?
True
Is 36 a factor of 4062?
False
Is 11 a factor of 1650?
True
Is 8586 a multiple of 27?
True
Is 23907 a multiple of 16?
False
Does 36 divide 22246?
False
Is 3603 a multiple of 4?
False
Does 4 divide 503?
False
Is 50 a factor of 7914?
False
Does 3 divide 92?
False
Does 19 divide 1914?
False
Is 5 a factor of 287?
False
Is 96 a factor of 5259?
False
Is 20921 a multiple of 243?
False
Is 24848 a multiple of 57?
False
Is 639 a multiple of 9?
True
Is 12 a factor of 4816?
False
Does 27 divide 2430?
True
Is 12 a factor of 2412?
True
Is 1624 a multiple of 14?
True
Does 19 divide 1463?
True
Is 1119 a multiple of 3?
True
Is 109 a multiple of 16?
False
Is 3 a factor of 3084?
True
Is 14 a factor of 2184?
True
Does 27 divide 3537?
True
Is 21 a multiple of 6?
False
Does 19 divide 1614?
False
Is 29 a factor of 36978?
False
Is 4 a factor of 208?
True
Does 25 divide 18450?
True
Is 43440 a multiple of 60?
True
Is 144 a multiple of 4?
True
Is 896 a multiple of 14?
True
Does 8 divide 733?
False
Does 8 divide 200?
True
Does 73 divide 438?
True
Is 2816 a multiple of 88?
True
Does 18 divide 3150?
True
Is 34 a factor of 628?
False
Is 40 a factor of 520?
True
Does 20 divide 21200?
True
Is 13 a factor of 195?
True
Is 1596 even?
True
Is 2023 a multiple of 141?
False
Is 37 a factor of 999?
True
Is 3898 a multiple of 26?
False
Is 3187 a multiple of 57?
False
Does 44 divide 57874?
False
Is 6 a factor of 54?
True
Is 1097 a multiple of 15?
False
Does 9 divide 4995?
True
Does 33 divide 4076?
False
Does 131 divide 123351?
False
Is 1440 a multiple of 15?
True
Is 6372 a multiple of 5?
False
Is 313 a multiple of 16?
False
Does 34 divide 1292?
True
Is 9 a factor of 3429?
True
Is 1066 a multiple of 66?
False
Does 122 divide 9457?
False
Is 28 a factor of 476?
True
Is 1184 a multiple of 8?
True
Is 62560 a multiple of 68?
True
Is 13 a factor of 1001?
True
Does 19 divide 77406?
True
Is 15 a factor of 1095?
True
Is 26 a factor of 8918?
True
Is 14 a factor of 4130?
True
Is 42527 a multiple of 330?
False
Is 8 a factor of 8768?
True
Does 76 divide 1520?
True
Is 20 a factor of 14500?
True
Is 34 a factor of 46852?
True
Is 3 a factor of 459?
True
Does 50 divide 1800?
True
Does 3 divide 894?
True
Does 7 divide 2541?
True
Does 3 divide 16872?
True
Does 13 divide 1418?
False
Is 275 a factor of 85250?
True
Is 4083 a multiple of 3?
True
Does 7 divide 789?
False
Is 14280 a multiple of 170?
True
Is 105 a factor of 2940?
True
Does 7 divide 672?
True
Is 8487 a multiple of 23?
True
Does 29 divide 1131?
True
Is 45 a factor of 493?
False
Is 44 a factor of 11836?
True
Is 296 a multiple of 8?
True
Does 55 divide 4509?
False
Is 29 a factor of 23733?
False
Is 20 a factor of 10453?
False
Does 40 divide 3800?
True
Is 411 a multiple of 15?
False
Is 5655 a multiple of 65?
True
Does 112 divide 12768?
True
Is 28 a factor of 1260?
True
Is 19 a factor of 10496?
False
Does 33 divide 1881?
True
Does 28 divide 56?
True
Is 9890 a multiple of 3?
False
Is 59904 a multiple of 33?
False
Is 2600 a multiple of 13?
True
Does 27 divide 18944?
False
Is 1055 a multiple of 211?
True
Is 3 a factor of 281?
False
Is 65 a factor of 40238?
False
Is 4 a factor of 72?
True
Is 10 a factor of 120?
True
Does 28 divide 657?
False
Is 102 a multiple of 17?
True
Does 50 divide 2450?
True
Does 8 divide 1832?
True
Is 492 a multiple of 6?
True
Does 13 divide 169?
True
Is 4 a factor of 1412?
True
Is 122 a factor of 97966?
True
Does 24 divide 2112?
True
Does 56 divide 718?
False
Is 3177 a multiple of 26?
False
Is 15 a factor of 687?
False
Is 2364 a multiple of 35?
False
Does 21 divide 2016?
True
Is 374 a multiple of 34?
True
Is 92 a multiple of 8?
False
Does 6 divide 2784?
True
Is 7864 a multiple of 16?
False
Is 52 a factor of 1976?
True
Does 20 divide 1080?
True
Is 72 a multiple of 36?
True
Is 747 a multiple of 8?
False
Is 57 a factor of 1197?
True
Does 26 divide 2418?
True
Is 51 a factor of 133?
False
Is 36 a factor of 1503?
False
Does 23 divide 8786?
True
Does 3 divide 1728?
True
Does 14 divide 19819?
False
Does 24 divide 2188?
False
Does 4 divide 104?
True
Is 12275 a multiple of 25?
True
Is 2090 a multiple of 38?
True
Is 11685 a multiple of 52?
False
Is 22 a factor of 12496?
True
Is 1027 a multiple of 6?
False
Is 165 a factor of 957?
False
Is 145 a factor of 4930?
True
Is 24 a multiple of 12?
True
Is 14 a factor of 7029?
False
Does 8 divide 4229?
False
Is 49 a factor of 5096?
True
Is 6 a factor of 165?
False
Is 18 a factor of 9224?
False
Is 13 a factor of 17?
False
Is 21644 a multiple of 14?
True
Is 2162 a multiple of 23?
True
Is 16 a factor of 6611?
False
Is 1440 a multiple of 18?
True
Is 11 a factor of 308?
True
Is 78070 a multiple of 14?
False
Is 11 a factor of 2300?
False
Is 12 a factor of 7146?
False
Is 37227 a multiple of 12?
False
Does 21 divide 27993?
True
Is 1110 a multiple of 5?
True
Does 4 divide 88?
True
Is 54 a factor of 486?
True
Is 1184 a multiple of 4?
True
Does 20 divide 1380?
True
Does 34 divide 16155?
False
Does 217 divide 25810?
False
Does 28 divide 30324?
True
Does 62 divide 22195?
False
Does 115 divide 8296?
False
Does 33 divide 9933?
True
Is 46 a factor of 26792?
False
Is 54 a multiple of 3?
True
Is 34522 a multiple of 20?
False
Is 24 a factor of 480?
True
Is 45 a factor of 615?
False
Does 25 divide 364?
False
Is 19276 a multiple of 6?
False
Is 179 a factor of 20227?
True
Is 26 a factor of 3458?
True
Is 6 a factor of 1293?
False
Is 49349 a multiple of 215?
False
Is 2356 a multiple of 20?
False
Is 103037 a multiple of 19?
True
Is 21562 a multiple of 72?
False
Is 21 a factor of 483?
True
Is 3502 a multiple of 7?
False
Does 92 divide 828?
True
Does 2 divide 70?
True
Is 6 a factor of 9554?
False
Is 15 a factor of 43?
False
Is 515 a multiple of 57?
False
Is 24 a factor of 2736?
True
Does 12 divide 492?
True
Is 28 a multiple of 14?
True
Is 39900 a multiple of 15?
True
Is 4301 a multiple of 17?
True
Is 10 a factor of 17660?
True
Is 3424 a multiple of 8?
True
Is 292 a factor of 7302?
False
Is 17 a factor of 5100?
True
Does 18 divide 9675?
False
Is 57 a multiple of 6?
False
Does 50 divide 537?
False
Is 4 a factor of 52?
True
Does 307 divide 36840?
True
Is 1232 a multiple of 16?
True
Is 1045 a multiple of 11?
True
Does 11 divide 1740?
False
Is 84 a factor of 4452?
True
Is 7 a factor of 997?
False
Is 476 a multiple of 29?
False
Is 24 a multiple of 8?
True
Is 41 a factor of 5125?
True
Does 14 divide 2450?
True
Is 24 a factor of 72?
True
Does 41 divide 820?
True
Does 76 divide 836?
True
Is 110 even?
True
Is 3072 a multiple of 16?
True
Is 8 a factor of 9245?
False
Is 23052 a multiple of 14?
False
Is 1638 a multiple of 11?
False
Is 28 a factor of 302?
False
Is 20 a multiple of 20?
True
Is 22 a factor of 220?
True
Does 107 divide 642?
True
Is 96515 a multiple of 97?
True
Is 25 a factor of 125?
True
Does 152 divide 10792?
True
Does 13 divide 374?
False
Is 28 a factor of 50972?
False
Does 44 divide 132?
True
Is 26 a factor of 14638?
True
Does 12 divide 14917?
False
Is 2223 a multiple of 19?
True
Is 2860 a multiple of 55?
True
Is 1448 a multiple of 4?
True
Is 127 a factor of 16372?
False
Does 